{"id":213,"date":"2011-06-29T13:53:58","date_gmt":"2011-06-29T13:53:58","guid":{"rendered":"http:\/\/www.obstmanufaktur.com\/?page_id=213"},"modified":"2024-01-19T11:13:39","modified_gmt":"2024-01-19T10:13:39","slug":"links","status":"publish","type":"page","link":"https:\/\/www.obstmanufaktur.com\/?page_id=213","title":{"rendered":"Links\/Presse"},"content":{"rendered":"<p><strong> Hier ver\u00f6ffentlichen wir Adressen von Vereinen, in denen wir Mitglied sind, ebenso von Betrieben, Gruppen und anderen Menschen, mit denen wir zusammen arbeiten:<\/strong><\/p>\n<p><a href=\"http:\/\/www.kommune-niederkaufungen.de\">Die Kommune <\/a><\/p>\n<p><a href=\"http:\/\/Alles im gr\u00fcnen Bereich e.V.\" data-wplink-url-error=\"true\">Unser Gesamtbetrieb<\/a><\/p>\n<p><a href=\"https:\/\/www.obstbaumpflege-fortbildung.de\/\">Die Obstgeh\u00f6lzpflegefortbildung<\/a><\/p>\n<h6>Hofladen in der Kommune Niederkaufungen:<\/h6>\n<div>\n<pre><a title=\"Bestellung\" href=\"http:\/\/www.kommune-niederkaufungen.de\/hofladen_neu\/\">Zum Aktuellen Angebot &amp; Bestellung<\/a><\/pre>\n<p>Unser Hofladen bietet eine gro\u00dfe Auswahl an regionalem, saisonalem Gem\u00fcse. Wir achten darauf, dass unser zugekauftes Gem\u00fcse nicht zu weit zu uns gereist ist und verzichten auf Flugware. Des weiteren kann man bei uns Brot, Eier, Obst, selbst gemachte Marmeladen, Aufstriche und eigenes Saatgut erwerben. Auch K\u00e4se, Joghurt und Wurstwaren vom Kommune-eigenen Hof Birkengrund bekommen Sie bei uns. Im Herbst halten wir eine gro\u00dfe Menge verschiedener alter Obstsorten von den Kaufunger Streuobstwiesen unserer Obstmanufaktur f\u00fcr Sie bereit.<\/p>\n<p>\u00d6ffnungszeiten: Freitags 15- 18 Uhr und Samstags 10- 13 Uhr<\/p>\n<p>Infos &amp; Bestellungen telefonisch unter: 05605\/800737<\/p>\n<\/div>\n<p><a href=\"http:\/\/www.pomologen-verein.de\" target=\"_blank\" rel=\"noopener\">www.pomologen-verein.de<\/a><\/p>\n<p>Aktuellen Informationen und Termine rund um das Thema Pomologie<\/p>\n<p><a href=\"https:\/\/obstsortenerhalt.de\/\">Erhalternetzwerk<\/a> im Pomologenverein<\/p>\n<p><a href=\"http:\/\/www.apfeltage.info\" target=\"_blank\" rel=\"noopener\">www.apfeltage.info<\/a><br \/>\nOrganisatoren der j\u00e4hrlichen Norddeutschen Apfeltage an denen wir auch teilnehmen.<\/p>\n<p><a href=\"http:\/\/www.obstsortendatenbank.de\/\">www.obstsortendatenbank.de<\/a><\/p>\n<p><a href=\"http:\/\/www.bund-lemgo.de\/alte-obstsorten.html\" target=\"_blank\" rel=\"noopener noreferrer\">http:\/\/www.bund-lemgo.de\/alte-obstsorten.htm<\/a><\/p>\n<p>Vom BUND Lemgo erstellte Datenbank mit Suchfunktion f\u00fcr historische Sorten, die in der pomologischen Literatur beschrieben worden sind.<\/p>\n<p><a href=\"http:\/\/www.pflanzlust.de\" target=\"_blank\" rel=\"noopener\">www.pflanzlust.de<\/a><br \/>\nBioland Baumschule mit einem gro\u00dfen Sortiment an alten Obstsorten<\/p>\n<p><strong>Presse<\/strong><\/p>\n<p>Hier ver\u00f6ffentlichen wir Links zu Artikeln, H\u00f6r- und Filmbeitr\u00e4gen\u00a0 \u00fcber unsere Arbeit:<\/p>\n<p><a href=\"_wp_link_placeholder\" data-wplink-edit=\"true\">Bundespreis \u00f6kologischer Landbau<\/a><\/p>\n<p><a href=\"http:\/\/www.sueddeutsche.de\/wirtschaft\/kommune-niederkaufungen-unser-stall-unser-baum-unser-beet-1.1899685\" target=\"_blank\" rel=\"noopener noreferrer\">http:\/\/www.sueddeutsche.de\/wirtschaft\/kommune-niederkaufungen-unser-stall-unser-baum-unser-beet-1.1899685<\/a><\/p>\n<p><a href=\"http:\/\/www.zeit.de\/2011\/39\/Alte-Obstsorten\" target=\"_blank\" rel=\"noopener\">\u00a0http:\/\/www.zeit.de\/2011\/39\/Alte-Obstsorten<\/a><\/p>\n<p><span style=\"text-decoration: underline;\">Interview mit Jan Bade auf dem Blog sunpod.<\/span> Begonnen wurde der Blog und der dazugeh\u00f6rende Podcast von zwei Autoren die sich mit Solarkochern und Elektromobilit\u00e4t besch\u00e4ftigten. Inzwischen geht es generell um Menschen, die mit ihrer jeweiligen Aktivit\u00e4t Licht in die Welt bringen und sie dadurch verbessern.<br \/>\n<a href=\"http:\/\/www.sunpod.de\/2014\/11\/146-sunpod-interview-jan-bade-obstbaumkun\" target=\"_blank\" rel=\"noopener noreferrer\">http:\/\/www.sunpod.de\/2014\/11\/146-sunpod-interview-jan-bade-obstbaumkun<\/a><\/p>\n","protected":false},"excerpt":{"rendered":"<p>Hier ver\u00f6ffentlichen wir Adressen von Vereinen, in denen wir Mitglied sind, ebenso von Betrieben, Gruppen und anderen Menschen, mit denen wir zusammen arbeiten: Die Kommune Unser Gesamtbetrieb Die Obstgeh\u00f6lzpflegefortbildung Hofladen in der Kommune Niederkaufungen: Zum Aktuellen Angebot &amp; Bestellung Unser Hofladen bietet eine gro\u00dfe Auswahl an regionalem, saisonalem Gem\u00fcse. Wir<\/p>\n","protected":false},"author":2,"featured_media":0,"parent":0,"menu_order":45,"comment_status":"closed","ping_status":"closed","template":"","meta":{"footnotes":""},"class_list":["post-213","page","type-page","status-publish","hentry"],"_links":{"self":[{"href":"https:\/\/www.obstmanufaktur.com\/index.php?rest_route=\/wp\/v2\/pages\/213","targetHints":{"allow":["GET"]}}],"collection":[{"href":"https:\/\/www.obstmanufaktur.com\/index.php?rest_route=\/wp\/v2\/pages"}],"about":[{"href":"https:\/\/www.obstmanufaktur.com\/index.php?rest_route=\/wp\/v2\/types\/page"}],"author":[{"embeddable":true,"href":"https:\/\/www.obstmanufaktur.com\/index.php?rest_route=\/wp\/v2\/users\/2"}],"replies":[{"embeddable":true,"href":"https:\/\/www.obstmanufaktur.com\/index.php?rest_route=%2Fwp%2Fv2%2Fcomments&post=213"}],"version-history":[{"count":21,"href":"https:\/\/www.obstmanufaktur.com\/index.php?rest_route=\/wp\/v2\/pages\/213\/revisions"}],"predecessor-version":[{"id":799,"href":"https:\/\/www.obstmanufaktur.com\/index.php?rest_route=\/wp\/v2\/pages\/213\/revisions\/799"}],"wp:attachment":[{"href":"https:\/\/www.obstmanufaktur.com\/index.php?rest_route=%2Fwp%2Fv2%2Fmedia&parent=213"}],"curies":[{"name":"wp","href":"https:\/\/api.w.org\/{rel}","templated":true}]}}

<p><strong> Hier veröffentlichen wir Adressen von Vereinen, in denen wir Mitglied sind, ebenso von Betrieben, Gruppen und anderen Menschen, mit denen wir zusammen arbeiten:</strong></p>
<p><a href="http://www.kommune-niederkaufungen.de">Die Kommune </a></p>
<p><a href="http://Alles im grünen Bereich e.V." data-wplink-url-error="true">Unser Gesamtbetrieb</a></p>
<p><a href="https://www.obstbaumpflege-fortbildung.de/">Die Obstgehölzpflegefortbildung</a></p>
<h6>Hofladen in der Kommune Niederkaufungen:</h6>
<div>
<pre><a title="Bestellung" href="http://www.kommune-niederkaufungen.de/hofladen_neu/">Zum Aktuellen Angebot &amp; Bestellung</a></pre>
<p>Unser Hofladen bietet eine große Auswahl an regionalem, saisonalem Gemüse. Wir achten darauf, dass unser zugekauftes Gemüse nicht zu weit zu uns gereist ist und verzichten auf Flugware. Des weiteren kann man bei uns Brot, Eier, Obst, selbst gemachte Marmeladen, Aufstriche und eigenes Saatgut erwerben. Auch Käse, Joghurt und Wurstwaren vom Kommune-eigenen Hof Birkengrund bekommen Sie bei uns. Im Herbst halten wir eine große Menge verschiedener alter Obstsorten von den Kaufunger Streuobstwiesen unserer Obstmanufaktur für Sie bereit.</p>
<p>Öffnungszeiten: Freitags 15- 18 Uhr und Samstags 10- 13 Uhr</p>
<p>Infos &amp; Bestellungen telefonisch unter: 05605/800737</p>
</div>
<p><a href="http://www.pomologen-verein.de" target="_blank" rel="noopener">www.pomologen-verein.de</a></p>
<p>Aktuellen Informationen und Termine rund um das Thema Pomologie</p>
<p><a href="https://obstsortenerhalt.de/">Erhalternetzwerk</a> im Pomologenverein</p>
<p><a href="http://www.apfeltage.info" target="_blank" rel="noopener">www.apfeltage.info</a><br />
Organisatoren der jährlichen Norddeutschen Apfeltage an denen wir auch teilnehmen.</p>
<p><a href="http://www.obstsortendatenbank.de/">www.obstsortendatenbank.de</a></p>
<p><a href="http://www.bund-lemgo.de/alte-obstsorten.html" target="_blank" rel="noopener noreferrer">http://www.bund-lemgo.de/alte-obstsorten.htm</a></p>
<p>Vom BUND Lemgo erstellte Datenbank mit Suchfunktion für historische Sorten, die in der pomologischen Literatur beschrieben worden sind.</p>
<p><a href="http://www.pflanzlust.de" target="_blank" rel="noopener">www.pflanzlust.de</a><br />
Bioland Baumschule mit einem großen Sortiment an alten Obstsorten</p>
<p><strong>Presse</strong></p>
<p>Hier veröffentlichen wir Links zu Artikeln, Hör- und Filmbeiträgen  über unsere Arbeit:</p>
<p><a href="_wp_link_placeholder" data-wplink-edit="true">Bundespreis ökologischer Landbau</a></p>
<p><a href="http://www.sueddeutsche.de/wirtschaft/kommune-niederkaufungen-unser-stall-unser-baum-unser-beet-1.1899685" target="_blank" rel="noopener noreferrer">http://www.sueddeutsche.de/wirtschaft/kommune-niederkaufungen-unser-stall-unser-baum-unser-beet-1.1899685</a></p>
<p><a href="http://www.zeit.de/2011/39/Alte-Obstsorten" target="_blank" rel="noopener"> http://www.zeit.de/2011/39/Alte-Obstsorten</a></p>
<p><span style="text-decoration: underline;">Interview mit Jan Bade auf dem Blog sunpod.</span> Begonnen wurde der Blog und der dazugehörende Podcast von zwei Autoren die sich mit Solarkochern und Elektromobilität beschäftigten. Inzwischen geht es generell um Menschen, die mit ihrer jeweiligen Aktivität Licht in die Welt bringen und sie dadurch verbessern.<br />
<a href="http://www.sunpod.de/2014/11/146-sunpod-interview-jan-bade-obstbaumkun" target="_blank" rel="noopener noreferrer">http://www.sunpod.de/2014/11/146-sunpod-interview-jan-bade-obstbaumkun</a></p>

<p>Hier veröffentlichen wir Adressen von Vereinen, in denen wir Mitglied sind, ebenso von Betrieben, Gruppen und anderen Menschen, mit denen wir zusammen arbeiten: Die Kommune Unser Gesamtbetrieb Die Obstgehölzpflegefortbildung Hofladen in der Kommune Niederkaufungen: Zum Aktuellen Angebot &amp; Bestellung Unser Hofladen bietet eine große Auswahl an regionalem, saisonalem Gemüse. Wir</p>
