{"id":421,"date":"2014-06-11T14:26:22","date_gmt":"2014-06-11T14:26:22","guid":{"rendered":"http:\/\/www.obstmanufaktur.com\/?page_id=421"},"modified":"2014-06-11T14:26:22","modified_gmt":"2014-06-11T14:26:22","slug":"wir-suchen","status":"publish","type":"page","link":"https:\/\/www.obstmanufaktur.com\/?page_id=421","title":{"rendered":"Wir suchen"},"content":{"rendered":"<p><a href=\"https:\/\/www.obstmanufaktur.com\/wp-content\/uploads\/2014\/06\/007.jpg\"><img loading=\"lazy\" decoding=\"async\" class=\"alignleft size-medium wp-image-427\" title=\"OLYMPUS DIGITAL CAMERA\" src=\"https:\/\/www.obstmanufaktur.com\/wp-content\/uploads\/2014\/06\/007-300x225.jpg\" alt=\"\" width=\"300\" height=\"225\" srcset=\"https:\/\/www.obstmanufaktur.com\/wp-content\/uploads\/2014\/06\/007-300x225.jpg 300w, https:\/\/www.obstmanufaktur.com\/wp-content\/uploads\/2014\/06\/007-1024x768.jpg 1024w\" sizes=\"auto, (max-width: 300px) 100vw, 300px\" \/><\/a><\/p>\n<h3>Die Obstmanufaktur sucht Verst\u00e4rkung<\/h3>\n<p>Wir suchen eine\/n G\u00e4rtner_in mit Praxiserfahrung im Baumschnitt und\/oder Obstkulturen, um unser Kollektiv zu erweitern.<\/p>\n<p>Wichtige Voraussetzung neben den fachlichen Qualifikationen ist deine  Lust auf ein Leben in einer Grosskommune mit gemeinsamer \u00d6konomie  (siehe: www.kommune-niederkaufungen.de) mit einem l\u00e4ngeren  Kennnenlernprozess.<\/p>\n<p>Unsere T\u00e4tigkeiten im Kollektiv sind sehr breitgef\u00e4chert:  Baumschnitt, Streuobstwiesenpflege, Ernte und Verarbeitung, Vermarktung,  Obstsortenbestimmung \/-erhaltung\u00a0 und das Vermitteln von Wissen in  Schnittkursen und Fortbildungen.<\/p>\n<p>Wir freuen uns auf Interessierte, die Lust auf kollektives Arbeiten  haben, auch mal selbstst\u00e4ndig t\u00e4tig sein k\u00f6nnen und die Mischung aus  Streuobstwiesenpflege zur Erhaltung und Eigenversorgung und  Dienstleisungst\u00e4tigkeiten wie Obstbaumschnittangebote f\u00fcr Gemeinden und  PrivatkundInnen zu\u00a0 sch\u00e4tzen wissen.<\/p>\n<p>&nbsp;<\/p>\n","protected":false},"excerpt":{"rendered":"<p>Die Obstmanufaktur sucht Verst\u00e4rkung Wir suchen eine\/n G\u00e4rtner_in mit Praxiserfahrung im Baumschnitt und\/oder Obstkulturen, um unser Kollektiv zu erweitern. Wichtige Voraussetzung neben den fachlichen Qualifikationen ist deine Lust auf ein Leben in einer Grosskommune mit gemeinsamer \u00d6konomie (siehe: www.kommune-niederkaufungen.de) mit einem l\u00e4ngeren Kennnenlernprozess. Unsere T\u00e4tigkeiten im Kollektiv sind sehr breitgef\u00e4chert:<\/p>\n","protected":false},"author":2,"featured_media":0,"parent":44,"menu_order":0,"comment_status":"closed","ping_status":"closed","template":"","meta":{"footnotes":""},"class_list":["post-421","page","type-page","status-publish","hentry"],"_links":{"self":[{"href":"https:\/\/www.obstmanufaktur.com\/index.php?rest_route=\/wp\/v2\/pages\/421","targetHints":{"allow":["GET"]}}],"collection":[{"href":"https:\/\/www.obstmanufaktur.com\/index.php?rest_route=\/wp\/v2\/pages"}],"about":[{"href":"https:\/\/www.obstmanufaktur.com\/index.php?rest_route=\/wp\/v2\/types\/page"}],"author":[{"embeddable":true,"href":"https:\/\/www.obstmanufaktur.com\/index.php?rest_route=\/wp\/v2\/users\/2"}],"replies":[{"embeddable":true,"href":"https:\/\/www.obstmanufaktur.com\/index.php?rest_route=%2Fwp%2Fv2%2Fcomments&post=421"}],"version-history":[{"count":2,"href":"https:\/\/www.obstmanufaktur.com\/index.php?rest_route=\/wp\/v2\/pages\/421\/revisions"}],"predecessor-version":[{"id":428,"href":"https:\/\/www.obstmanufaktur.com\/index.php?rest_route=\/wp\/v2\/pages\/421\/revisions\/428"}],"up":[{"embeddable":true,"href":"https:\/\/www.obstmanufaktur.com\/index.php?rest_route=\/wp\/v2\/pages\/44"}],"wp:attachment":[{"href":"https:\/\/www.obstmanufaktur.com\/index.php?rest_route=%2Fwp%2Fv2%2Fmedia&parent=421"}],"curies":[{"name":"wp","href":"https:\/\/api.w.org\/{rel}","templated":true}]}}

<p><a href="https://www.obstmanufaktur.com/wp-content/uploads/2014/06/007.jpg"><img loading="lazy" decoding="async" class="alignleft size-medium wp-image-427" title="OLYMPUS DIGITAL CAMERA" src="https://www.obstmanufaktur.com/wp-content/uploads/2014/06/007-300x225.jpg" alt="" width="300" height="225" srcset="https://www.obstmanufaktur.com/wp-content/uploads/2014/06/007-300x225.jpg 300w, https://www.obstmanufaktur.com/wp-content/uploads/2014/06/007-1024x768.jpg 1024w" sizes="auto, (max-width: 300px) 100vw, 300px" /></a></p>
<h3>Die Obstmanufaktur sucht Verstärkung</h3>
<p>Wir suchen eine/n Gärtner_in mit Praxiserfahrung im Baumschnitt und/oder Obstkulturen, um unser Kollektiv zu erweitern.</p>
<p>Wichtige Voraussetzung neben den fachlichen Qualifikationen ist deine  Lust auf ein Leben in einer Grosskommune mit gemeinsamer Ökonomie  (siehe: www.kommune-niederkaufungen.de) mit einem längeren  Kennnenlernprozess.</p>
<p>Unsere Tätigkeiten im Kollektiv sind sehr breitgefächert:  Baumschnitt, Streuobstwiesenpflege, Ernte und Verarbeitung, Vermarktung,  Obstsortenbestimmung /-erhaltung  und das Vermitteln von Wissen in  Schnittkursen und Fortbildungen.</p>
<p>Wir freuen uns auf Interessierte, die Lust auf kollektives Arbeiten  haben, auch mal selbstständig tätig sein können und die Mischung aus  Streuobstwiesenpflege zur Erhaltung und Eigenversorgung und  Dienstleisungstätigkeiten wie Obstbaumschnittangebote für Gemeinden und  PrivatkundInnen zu  schätzen wissen.</p>
<p>&nbsp;</p>

<p>Die Obstmanufaktur sucht Verstärkung Wir suchen eine/n Gärtner_in mit Praxiserfahrung im Baumschnitt und/oder Obstkulturen, um unser Kollektiv zu erweitern. Wichtige Voraussetzung neben den fachlichen Qualifikationen ist deine Lust auf ein Leben in einer Grosskommune mit gemeinsamer Ökonomie (siehe: www.kommune-niederkaufungen.de) mit einem längeren Kennnenlernprozess. Unsere Tätigkeiten im Kollektiv sind sehr breitgefächert:</p>
