{"id":44,"date":"2011-05-04T12:53:28","date_gmt":"2011-05-04T12:53:28","guid":{"rendered":"http:\/\/www.obstmanufaktur.com\/?page_id=44"},"modified":"2023-10-24T16:08:44","modified_gmt":"2023-10-24T14:08:44","slug":"unser-betrieb","status":"publish","type":"page","link":"https:\/\/www.obstmanufaktur.com\/?page_id=44","title":{"rendered":"Unser Betrieb"},"content":{"rendered":"<p>Aus der Freude am Obstb\u00e4ume pflanzen, pflegen und ernten und der Begeisterung f\u00fcr die Pomologie hat sich 2009 die Obstmanufaktur als Kollektivbetrieb in der <a href=\"http:\/\/www.kommune-niederkaufungen.de\">Kommune Niederkaufungen<\/a> gegr\u00fcndet.<\/p>\n<p>Unsere T\u00e4tigkeiten sind sehr vielseitig und reichen von der Bewirtschaftung der eigenen Fl\u00e4chen, der Obstverarbeitung, des Baumschnittangebotes bis zu Sortenausstellungen, Schnittseminaren und F\u00fchrungen.<\/p>\n<p>Seit 2022 sind wir mit den anderen landwirtschaftlichen Betrieben der Kommune Niederkaufungen zu dem Landwirtschaftsbetrieb <a href=\"https:\/\/gruener-bereich-kaufungen.de\/\">&#8222;Alles im gr\u00fcnen Bereich e.V.&#8220;<\/a> fusioniert. Ein vielf\u00e4ltiger und kleinb\u00e4uerlicher Kollektivbetrieb, der insgesamt 53 ha landwirtschaftliche Fl\u00e4che bewirtschaftet.<\/p>\n<p><a href=\"https:\/\/www.obstmanufaktur.com\/wp-content\/uploads\/2011\/05\/mirabelle.jpg\"><img loading=\"lazy\" decoding=\"async\" class=\"alignnone size-medium wp-image-12\" title=\"Mirabellenkiste\" src=\"https:\/\/www.obstmanufaktur.com\/wp-content\/uploads\/2011\/05\/mirabelle-300x200.jpg\" alt=\"\" width=\"226\" height=\"150\" srcset=\"https:\/\/www.obstmanufaktur.com\/wp-content\/uploads\/2011\/05\/mirabelle-300x200.jpg 300w, https:\/\/www.obstmanufaktur.com\/wp-content\/uploads\/2011\/05\/mirabelle.jpg 448w\" sizes=\"auto, (max-width: 226px) 100vw, 226px\" \/><\/a><a href=\"https:\/\/www.obstmanufaktur.com\/wp-content\/uploads\/2011\/05\/apfel_marienkaefer.jpg\"><img loading=\"lazy\" decoding=\"async\" class=\"alignnone size-medium wp-image-15\" title=\"apfel_marienkaefer\" src=\"https:\/\/www.obstmanufaktur.com\/wp-content\/uploads\/2011\/05\/apfel_marienkaefer-300x200.jpg\" alt=\"\" width=\"226\" height=\"150\" srcset=\"https:\/\/www.obstmanufaktur.com\/wp-content\/uploads\/2011\/05\/apfel_marienkaefer-300x200.jpg 300w, https:\/\/www.obstmanufaktur.com\/wp-content\/uploads\/2011\/05\/apfel_marienkaefer.jpg 448w\" sizes=\"auto, (max-width: 226px) 100vw, 226px\" \/><\/a><a href=\"https:\/\/www.obstmanufaktur.com\/wp-content\/uploads\/2011\/05\/baume.jpg\"><img loading=\"lazy\" decoding=\"async\" class=\"alignnone size-medium wp-image-11\" title=\"baume\" src=\"https:\/\/www.obstmanufaktur.com\/wp-content\/uploads\/2011\/05\/baume-300x199.jpg\" alt=\"\" width=\"226\" height=\"150\" srcset=\"https:\/\/www.obstmanufaktur.com\/wp-content\/uploads\/2011\/05\/baume-300x199.jpg 300w, https:\/\/www.obstmanufaktur.com\/wp-content\/uploads\/2011\/05\/baume.jpg 450w\" sizes=\"auto, (max-width: 226px) 100vw, 226px\" \/><\/a><\/p>\n","protected":false},"excerpt":{"rendered":"<p>Aus der Freude am Obstb\u00e4ume pflanzen, pflegen und ernten und der Begeisterung f\u00fcr die Pomologie hat sich 2009 die Obstmanufaktur als Kollektivbetrieb in der Kommune Niederkaufungen gegr\u00fcndet. Unsere T\u00e4tigkeiten sind sehr vielseitig und reichen von der Bewirtschaftung der eigenen Fl\u00e4chen, der Obstverarbeitung, des Baumschnittangebotes bis zu Sortenausstellungen, Schnittseminaren und F\u00fchrungen.<\/p>\n","protected":false},"author":2,"featured_media":30,"parent":0,"menu_order":1,"comment_status":"closed","ping_status":"closed","template":"","meta":{"footnotes":""},"class_list":["post-44","page","type-page","status-publish","has-post-thumbnail","hentry"],"_links":{"self":[{"href":"https:\/\/www.obstmanufaktur.com\/index.php?rest_route=\/wp\/v2\/pages\/44","targetHints":{"allow":["GET"]}}],"collection":[{"href":"https:\/\/www.obstmanufaktur.com\/index.php?rest_route=\/wp\/v2\/pages"}],"about":[{"href":"https:\/\/www.obstmanufaktur.com\/index.php?rest_route=\/wp\/v2\/types\/page"}],"author":[{"embeddable":true,"href":"https:\/\/www.obstmanufaktur.com\/index.php?rest_route=\/wp\/v2\/users\/2"}],"replies":[{"embeddable":true,"href":"https:\/\/www.obstmanufaktur.com\/index.php?rest_route=%2Fwp%2Fv2%2Fcomments&post=44"}],"version-history":[{"count":13,"href":"https:\/\/www.obstmanufaktur.com\/index.php?rest_route=\/wp\/v2\/pages\/44\/revisions"}],"predecessor-version":[{"id":760,"href":"https:\/\/www.obstmanufaktur.com\/index.php?rest_route=\/wp\/v2\/pages\/44\/revisions\/760"}],"wp:featuredmedia":[{"embeddable":true,"href":"https:\/\/www.obstmanufaktur.com\/index.php?rest_route=\/wp\/v2\/media\/30"}],"wp:attachment":[{"href":"https:\/\/www.obstmanufaktur.com\/index.php?rest_route=%2Fwp%2Fv2%2Fmedia&parent=44"}],"curies":[{"name":"wp","href":"https:\/\/api.w.org\/{rel}","templated":true}]}}

<p>Aus der Freude am Obstbäume pflanzen, pflegen und ernten und der Begeisterung für die Pomologie hat sich 2009 die Obstmanufaktur als Kollektivbetrieb in der <a href="http://www.kommune-niederkaufungen.de">Kommune Niederkaufungen</a> gegründet.</p>
<p>Unsere Tätigkeiten sind sehr vielseitig und reichen von der Bewirtschaftung der eigenen Flächen, der Obstverarbeitung, des Baumschnittangebotes bis zu Sortenausstellungen, Schnittseminaren und Führungen.</p>
<p>Seit 2022 sind wir mit den anderen landwirtschaftlichen Betrieben der Kommune Niederkaufungen zu dem Landwirtschaftsbetrieb <a href="https://gruener-bereich-kaufungen.de/">&#8222;Alles im grünen Bereich e.V.&#8220;</a> fusioniert. Ein vielfältiger und kleinbäuerlicher Kollektivbetrieb, der insgesamt 53 ha landwirtschaftliche Fläche bewirtschaftet.</p>
<p><a href="https://www.obstmanufaktur.com/wp-content/uploads/2011/05/mirabelle.jpg"><img loading="lazy" decoding="async" class="alignnone size-medium wp-image-12" title="Mirabellenkiste" src="https://www.obstmanufaktur.com/wp-content/uploads/2011/05/mirabelle-300x200.jpg" alt="" width="226" height="150" srcset="https://www.obstmanufaktur.com/wp-content/uploads/2011/05/mirabelle-300x200.jpg 300w, https://www.obstmanufaktur.com/wp-content/uploads/2011/05/mirabelle.jpg 448w" sizes="auto, (max-width: 226px) 100vw, 226px" /></a><a href="https://www.obstmanufaktur.com/wp-content/uploads/2011/05/apfel_marienkaefer.jpg"><img loading="lazy" decoding="async" class="alignnone size-medium wp-image-15" title="apfel_marienkaefer" src="https://www.obstmanufaktur.com/wp-content/uploads/2011/05/apfel_marienkaefer-300x200.jpg" alt="" width="226" height="150" srcset="https://www.obstmanufaktur.com/wp-content/uploads/2011/05/apfel_marienkaefer-300x200.jpg 300w, https://www.obstmanufaktur.com/wp-content/uploads/2011/05/apfel_marienkaefer.jpg 448w" sizes="auto, (max-width: 226px) 100vw, 226px" /></a><a href="https://www.obstmanufaktur.com/wp-content/uploads/2011/05/baume.jpg"><img loading="lazy" decoding="async" class="alignnone size-medium wp-image-11" title="baume" src="https://www.obstmanufaktur.com/wp-content/uploads/2011/05/baume-300x199.jpg" alt="" width="226" height="150" srcset="https://www.obstmanufaktur.com/wp-content/uploads/2011/05/baume-300x199.jpg 300w, https://www.obstmanufaktur.com/wp-content/uploads/2011/05/baume.jpg 450w" sizes="auto, (max-width: 226px) 100vw, 226px" /></a></p>

<p>Aus der Freude am Obstbäume pflanzen, pflegen und ernten und der Begeisterung für die Pomologie hat sich 2009 die Obstmanufaktur als Kollektivbetrieb in der Kommune Niederkaufungen gegründet. Unsere Tätigkeiten sind sehr vielseitig und reichen von der Bewirtschaftung der eigenen Flächen, der Obstverarbeitung, des Baumschnittangebotes bis zu Sortenausstellungen, Schnittseminaren und Führungen.</p>
